ts digit of n?
5
Let x = -15 + 21. Suppose 2*h - 32 = -x. What is the units digit of h?
3
Let f be 4/((24/15)/4). Let i = 23 - f. Let h = i + -7. What is the units digit of h?
6
Suppose 49 + 107 = 3*v. What is the units digit of v?
2
What is the tens digit of 232 - 2*3*(-1)/2?
3
Suppose 0 = 3*w + 2*m - 26, 10 = -w + m + 3*m. What is the units digit of (-3)/(3/(-12)*w)?
2
Let u = -14 - -10. Let k be (1/u)/(1/(-4)). Suppose 2*p - k - 15 = 0. What is the units digit of p?
8
Let x be (0 - 0)/(4/(-2)). Suppose 0 = 2*y - 3*g + 2 + 4, x = -5*y - 5*g - 65. Let t = y - -10. What is the units digit of t?
1
Let g(x) = -5*x - 9. Let n be g(-3). What is the units digit of 2/(-1) + 32 + n?
6
Let j = 7 + -3. Suppose -m = -j*s + 11, s + 12 = 3*m - 2*s. What is the units digit of (m/2)/(2/4)?
9
Let j be -1 + (-15)/(-4 - -1). Let w(c) = -c + 4. Let q be w(7). Let t = q + j. What is the units digit of t?
1
What is the units digit of (-1 - 3) + (16 - -23)?
5
Let x be ((-8)/(-8))/(1*-1). Let c = x + 29. What is the tens digit of c?
2
Let b(d) = 22*d - 30. What is the hundreds digit of b(7)?
1
Let v be (-1 - -7 - 0) + -1. Suppose v*t - 35 = t - z, -4*z = 2*t - 28. Suppose s = -0*s + t. What is the units digit of s?
8
Suppose 2*q - 7*q = 20. Let v be q/((-16)/(-14) - 1). Let s = v - -39. What is the tens digit of s?
1
Suppose f - 32 = 7*o - 3*o, -5*f + 3*o + 126 = 0. What is the tens digit of f?
2
Let v = -76 + 77. What is the units digit of v?
1
Suppose 5*n - 46 = -f, -4*n = -f - 3*f + 64. Let x = f + -12. Let i = -6 + x. What is the units digit of i?
3
Let t be 3*-16*(-1)/6. What is the units digit of 1/2 - (-68)/t?
9
Suppose -f = 5*f - 216. What is the tens digit of f?
3
Let a(y) = y**3 + 3*y**2 - 1. Suppose 4*w + 8 = -0*w. Let q be a(w). What is the units digit of (-4)/(-6) + 19/q?
7
Let f(m) = -5*m**3 - 2*m**2 + 2*m + 1. Let q be f(-3). Let w = -55 + q. What is the tens digit of w?
5
Let l = 0 + -1. What is the units digit of (-38)/(-6)*l*-3?
9
What is the tens digit of (128/6)/((-20)/(-30))?
3
Let c(d) = -d**3 + d**2 + d. Let u(a) = -5*a**3 + 9*a**2 + 9*a - 3. Let f(z) = 6*c(z) - u(z). What is the tens digit of f(-3)?
1
Suppose 2 = -2*v + 3*d - 9, -2*d = -3*v - 4. Let k be v/(-5) + 17/5. Suppose 5*h + 19 = -k*b, 5*h - h = 2*b - 24. What is the units digit of b?
2
Suppose q + 75 = 4*g, -3*g - 95 = -7*g - 3*q. What is the units digit of g?
0
What is the tens digit of 4/(20/155) - 2?
2
Let n(x) = 2*x**2 + x + 7. What is the tens digit of n(-5)?
5
Suppose -24 = z - 3*z. What is the tens digit of z?
1
Suppose -4*u = 3*g + 90, 2*g + 13 = -3*u - 54. Let a be 4/14 - (-447)/u. What is the units digit of (-6)/a - 33/(-7)?
5
Let r(g) = -8*g + 9*g + 12 + 10*g + g**3 + 11*g**2. Let n be r(-10). Suppose -42 = -2*k + 5*u, -2*k + 5*u = n*k - 74. What is the units digit of k?
6
Suppose -4*q = -q + 27. What is the units digit of (6/q)/((-4)/78)?
3
Suppose 3 + 21 = -g. Let c = g - -41. What is the units digit of c?
7
Suppose -5*m - 180 = -5*j, -j - 1 = -5*m - 49. What is the tens digit of j?
3
Let h(l) = -10*l - 8. Suppose 6 + 2 = -2*n. What is the units digit of h(n)?
2
Let t = -8 - -10. Suppose -132 = -i - t*i. What is the units digit of i?
4
What is the hundreds digit of 2/(-10) + 2/((-40)/(-3204))?
1
Let z be (-29)/(-3) + (-6)/9. Suppose -18 = -3*s - z. What is the units digit of s?
3
Suppose -4*h + 148 = 2*k + 2*k, 113 = 4*h - 3*k. Suppose h = 2*n + 2*n. What is the units digit of n?
8
Let u(v) = -v**2 + 4*v + 1. Let t be u(2). Let k(a) = -a + 6. Let p be k(t). Suppose 2*m + 53 = 5*w - p, -w - 4*m = -2. What is the units digit of w?
0
Suppose 3*i = 6*i - 273. Suppose 4*t + i = 5*r, -r + 0*t + 3 = 3*t. What is the tens digit of r?
1
Let g = 7 - 6. What is the units digit of g?
1
Suppose 0*i + 4*h + 238 = 2*i, 2*i + 2*h - 250 = 0. What is the tens digit of i?
2
What is the tens digit of 14/56 - (-334)/8?
4
Let o(r) = r**3 - 3*r**2 - 3*r - 3. Let y be o(4). Let g(h) = 14*h**2 + h - 1. What is the tens digit of g(y)?
1
Suppose 6*v = 238 - 40. What is the units digit of v?
3
Suppose -5*h - 117 = -1892. What is the hundreds digit of h?
3
Let p(m) = m**2 + 3*m + 2. Let k be p(-3). Let q be 2*(-14)/(-16) - 2/(-8). Suppose k*z + 5*t - 10 = q*t, -t = 3*z - 29. What is the tens digit of z?
1
Suppose 2*s = -0*i + 3*i - 8, -3*i - 5*s + 22 = 0. Suppose 5*t - 87 = 3*d, -5*t + i*t - d + 11 = 0. What is the tens digit of t?
1
Suppose 0 = -4*i + 1505 - 165. What is the hundreds digit of i?
3
Let l(a) = -3*a + 4. Let m be l(-6). Suppose -2*r - 2 = 2*f - 6, 3*f - m = r. Suppose 5*c - 5 = -n + f, -18 = -2*c + 3*n. What is the units digit of c?
3
Let t be 17 - (-3 + 7) - -1. Suppose -1 = -b + t. What is the tens digit of b?
1
Let d(k) = k**2 - 1. Let y be d(2). Suppose 5*j = y*j + 28. What is the units digit of j?
4
Let l = 14 - 10. Let g(i) = 2*i**2 - 6*i + 2. Let j be g(l). Suppose -b + j - 2 = 0. What is the units digit of b?
8
Let c(p) = 7*p**2 - 31*p + 5. What is the tens digit of c(10)?
9
Suppose 0 = d - 5*x + 19, -5*d + 8 = -2*d - 2*x. What is the units digit of (-50)/(-6)*d/2?
5
Suppose -w = -3*w - 4*f + 78, -132 = -3*w - 3*f. What is the units digit of w?
9
Let l = 808 - 556. What is the units digit of l?
2
Suppose 3*u + 15 = 3*x, -u - u = 5*x - 32. Let i = x + -5. What is the units digit of i?
1
Suppose -3*x - 3 = -6. What is the units digit of (2/(-2) + 2)/x?
1
Suppose -5*i - 58 - 18 = -4*p, 4*i = -2*p + 38. Suppose l + 0*l - p = 0. What is the tens digit of l?
1
Suppose 5*o - 100 = -0*o. What is the tens digit of o?
2
Suppose 0 = -3*f - 0*f - 15. Let a(s) = -s**3 - 4*s**2 + 3*s - 7. What is the units digit of a(f)?
3
Let x be (-4 - -7)*(-4)/(-3). Let t(p) be the third derivative of -p**5/60 + 5*p**4/24 + p**3/2 + 3*p**2. What is the units digit of t(x)?
7
Let w(c) = -3*c + 4*c - 2 - c + c. Let k be w(3). What is the units digit of -2 + k + 3*4?
1
Let z = 20 + -17. Suppose -5*j + 185 = z*o, -5*j = -4*j - 4*o - 14. What is the tens digit of j?
3
What is the tens digit of (-2 + 4)/(2/33)?
3
Suppose 0 = -2*y + 4*q + 52, 0*y = -4*y + 2*q + 98. What is the tens digit of y?
2
Suppose 3*a = -3*o + 8*a - 20, -5*a + 20 = o. Suppose o = y + 3*w - 6 - 18, y = 4*w + 38. What is the units digit of y/4*14/7?
5
Let y(v) = v**2 - 5*v + 7. What is the tens digit of y(6)?
1
Let t(d) = d - 8. Let y(x) = -x + 8. Let k(j) = -3*t(j) - 2*y(j). What is the units digit of k(-6)?
4
Let d(x) = x**3 - 2*x**2 + 2*x - 3. Let o(s) = -s**3 + 5*s**2 + 6*s + 3. Let z be o(6). What is the units digit of d(z)?
2
Let z be 2*(-5)/6*-3. Suppose z*q + 3 + 2 = 0. What is the units digit of 2/(q + 10/6)?
3
Let o(i) = 2*i + 14 - i + 2*i + 3*i. What is the units digit of o(6)?
0
Let d be 3/(-2)*20/(-2). Let q = -9 + 3. What is the units digit of (-4)/q - (-50)/d?
4
Suppose 3*k - k + 88 = 2*b, 3*b = 4*k + 132. What is the units digit of b?
4
Suppose 0*p = -p + 5, 5*p - 277 = -3*o. What is the tens digit of o?
8
Let b(l) = -l**2 + 6*l - 3 + 6*l**2 - 4*l**2. Let r be b(-5). Let w(q) = -q + 2. What is the units digit of w(r)?
0
Suppose 0*y + 12 = y. Suppose -2*o - 2*o + y = 0. What is the units digit of o?
3
Suppose -2*q + 316 = 3*g, -4*g + 336 = q - 77. What is the hundreds digit of g?
1
Suppose 5*i = 3*o - 1, -i - 24 = -4*o - 0*i. Suppose -k - o = -2*k. What is the units digit of k?
7
Let f(n) = n**2 + 6*n + 7. Let o be ((-12)/14)/((-3)/(-21)). What is the units digit of f(o)?
7
Suppose -3*c + 4*c = -2. Suppose 0 = 3*s - a + 5, -4 = -s + 5*a - 1. What is the units digit of (-33)/c + s/4?
6
Let x(o) = -o**3 - o**2 - o + 26. Let b be x(0). Suppose 90 = 4*p + b. What is the units digit of p?
6
Suppose 44 = 5*t - 4*t - r, r - 116 = -3*t. What is the units digit of t?
0
Suppose 0*k - 21 = 3*k. Let n(q) = q**3 + 6*q**2 - 8*q - 4. Let s be n(k). What is the units digit of (-8 - -2)*(-4)/s?
8
Let s(y) be the first derivative of -y**3/3 + 4*y**2 - 9*y + 3. Suppose -5*b - 5*h + 10 = 0, -4*b - 3*h = -16 + 4. What is the units digit of s(b)?
3
Let c be (2 + 64/(-4))/1. Let a(u) = -u + 8. What is the tens digit of a(c)?
2
Suppose -v + 136 = 2*m + v, 0 = 2*v - 8. What is the units digit of m?
4
What is the hundreds digit of 2130/13 - 4/(-26)?
1
Let n(t) be the first derivative of t**3/3 + t**2/2 - 4*t - 4. What is the tens digit of n(-5)?